 = -j + x, -2*x + o = 2*j. Calculate the remainder when 10 is divided by j.
4
Let z = -23 + 33. Let x be (-59)/((-1)/(-1) + -2). Suppose -4*u = -4*w - 15 + x, -w = 2*u + 4. Calculate the remainder when z is divided by w.
4
Suppose -g = -5*g - 4. Let x be g/((6/(-3))/4). Let l(j) = 3*j**3 - j**2 + 2. Calculate the remainder when 42 is divided by l(x).
20
Suppose 3*u + 5*d - 37 = -u, 3*u - 4 = d. Suppose -2*j - 24 = -u*j + 4*b, -4*j + 66 = -b. Calculate the remainder when 30 is divided by j.
14
Suppose -4*l + 0*l - w = -160, 3*l - 3*w - 105 = 0. Let s = -16 + l. What is the remainder when s is divided by 6?
5
Calculate the remainder when (3*(-4)/(-7))/((-2)/(-14)) is divided by 4.
0
Suppose 0 = -0*v + v - 2*q - 24, 0 = -3*v + 3*q + 57. Calculate the remainder when 167 is divided by v.
13
Let w = -22 - -38. Calculate the remainder when 63 is divided by w.
15
Suppose n = 2*n - 4. Let l be -2*(-2 + (-3)/(-6)). Suppose -2*r - l*r = -10. What is the remainder when n is divided by r?
0
Suppose 5*g + 2*l - 8 = 5, 3*l + 18 = 5*g. Suppose -85 = -2*p - 3*p + 4*n, 64 = g*p - 5*n. Calculate the remainder when 63 is divided by p.
11
Let u = 59 + -35. Suppose 3*d - d = u. What is the remainder when 35 is divided by d?
11
Suppose -5*f + 2 = -8. Calculate the remainder when 7 is divided by f.
1
Let y(l) be the first derivative of l**3/3 + 3*l**2 - 2*l - 1. Let g = -23 + 43. What is the remainder when y(4) is divided by g?
18
Suppose 4*t - 5*t = -4*u + 615, 3*u = 5*t + 457. Calculate the remainder when u is divided by 31.
30
Suppose 45 = 2*y + i, 0 = -2*y - 3*y - 4*i + 120. Calculate the remainder when y is divided by 12.
8
Let b = 43 + -28. Calculate the remainder when 59 is divided by b.
14
Let y(o) = o - 1. Let m be y(4). What is the remainder when 34 is divided by 9*m/9 + 10?
8
Suppose -13 = -n + 4. Let k = n - 5. Calculate the remainder when 34 is divided by k.
10
Let g(j) = -2*j**3 - 5*j**2 - 2*j - 1. What is the remainder when 40 is divided by g(-3)?
12
Let r(d) = d + 9. Calculate the remainder when 26 is divided by r(6).
11
Let j(i) = -66*i**3 - i**2 + 2*i - 1. Let r be j(1). Let o = 10 - 6. What is the remainder when 16/(-6)*r/o is divided by 15?
14
Suppose 2*c = -5*b + 44 - 2, -4*b + 2*c + 30 = 0. Calculate the remainder when 12 is divided by b.
4
Calculate the remainder when 3*(7 + (-1 - 3)) is divided by 7.
2
Suppose 4*h - 18 = 10. Let b(d) = -2*d**3 - 2*d**2 - 5*d - 5. What is the remainder when b(-2) is divided by h?
6
Suppose -768 = -17*m - 3. Let f be (-92)/(-10)*(-10)/(-2). What is the remainder when m is divided by (0 - -1)/(2/f)?
22
Suppose 17 = i - 9. Let v(r) = r. Let a be v(-3). Calculate the remainder when i is divided by 16 + 2*3/a.
12
Suppose -8*q + q = -1211. Calculate the remainder when q is divided by 44.
41
What is the remainder when 48 is divided by (-8)/44 - (-79)/11?
6
Suppose 0 = s - 4*g + 9, -3*g = 2*s - 5 + 1. What is the remainder when (-1)/(1/43*s) is divided by 11?
10
Let r(m) = -m + 1. Let x be r(-3). Let o be (9*1)/((-2)/x). Let y = o - -47. Calculate the remainder when y is divided by 10.
9
Suppose -n + 5*t + 5 = 0, -2*n + 0*n + 70 = 5*t. Calculate the remainder when n is divided by 9.
7
Suppose -5*i - 4*o = -73, -i + 5*i + 3*o - 58 = 0. Let b(v) be the second derivative of 23*v**3/6 + v**2/2 + v. What is the remainder when b(1) is divided by i?
11
Let a = -1 + -1. Let o(p) = -4*p**2 - 2*p + 2. Let r be o(a). Let k = r - -20. Calculate the remainder when 18 is divided by k.
8
Let p = 14 + -10. Suppose -29 - 7 = -p*i. Calculate the remainder when i is divided by 5.
4
Let r = 13 + 2. Suppose -q + 2*a + 47 = 4*a, 3*a = 2*q - 129. What is the remainder when q is divided by r?
12
Let z(h) = -2*h**3 - 2*h**2 + 2*h. Let o be z(-2). What is the remainder when 2/4*o*13 is divided by 14?
12
Suppose i - 3*i = -4. Suppose 4*v = -y + 22, -2*v - 5*y + i = -0. What is the remainder when 15 is divided by v?
3
Suppose -6*s = -2*s + 4. Calculate the remainder when (-1)/(s/(-3)) + 32 is divided by 8.
5
Calculate the remainder when 5 is divided by (6/9)/(6/18).
1
Suppose -5*r - 6*f + 45 = -f, -5*f + 41 = 4*r. Suppose 54 = 2*m + r*j, j - 6*j + 25 = 0. Suppose 3*h = 2*h + m. What is the remainder when 32 is divided by h?
15
Let g(t) = 2*t**2 - 5*t - 3. Suppose 7*w - 2*z - 20 = 2*w, 0 = -w - 5*z + 4. What is the remainder when 17 is divided by g(w)?
8
Suppose -3*y + 10 + 10 = 2*t, -t = 5*y - 24. What is the remainder when 9 is divided by y?
1
Let v(x) = -x**3 - 18*x**2 + 17*x - 18. What is the remainder when 38 is divided by v(-19)?
18
Let l = 1 + 1. Let h be 1/(-3) - (-14)/6. Suppose -3*f + 4*d + 93 = h*d, l*f = -4*d + 78. Calculate the remainder when f is divided by 17.
16
Suppose 3*k - 45 = 5*z - 2, -5*k - 2*z + 20 = 0. Calculate the remainder when 11 is divided by k.
5
Suppose 370 = -4*a + 2*t, -4*a + 3*t = 6*t + 375. Let k = -27 - a. Calculate the remainder when k is divided by 17.
15
Suppose 4*d - 2*a = -0*a + 6, 2*d = 4*a. Suppose 0 = v - n - 21, 3*n + d*n - 48 = -4*v. What is the remainder when 50 is divided by v?
16
Suppose -21 = -d + 3*m - 0, -3*d - 5*m = -77. Let j = -1 + 14. What is the remainder when d is divided by j?
11
Let w = 3 + -1. Let s be 1 - w*3/(-6). What is the remainder when 23 + (1 - 1)/s is divided by 12?
11
Let r(t) = -t + 7. What is the remainder when r(-2) is divided by 6?
3
Suppose -10 = j - 2. Calculate the remainder when (-16)/(-3) - j/12 is divided by 2.
0
Let c(k) = 5*k**3 - 3*k + 3. Suppose 3*w = -w + 4*l + 20, 5*l = 3*w - 21. Let t be c(w). Suppose 0*f = -f + t. Calculate the remainder when f is divided by 13.
11
Let n = 0 + 4. Let a = 60 - 22. Calculate the remainder when a is divided by n/18 + 616/63.
8
Let f = -770 - -834. Let o = -10 + 27. Calculate the remainder when f is divided by o.
13
Let u = 16 - 26. What is the remainder when 14/(3 + 26/u) is divided by 9?
8
Let a = 62 - 44. What is the remainder when 52 is divided by a?
16
Let a(t) = -t + 1. Let u be a(4). Let n = 12 + -5. What is the remainder when n is divided by -4*u/6 + 1?
1
Let y = 4 - -12. Calculate the remainder when y is divided by 5.
1
Let j(w) = 11*w - 59. Calculate the remainder when j(10) is divided by 20.
11
Calculate the remainder when 45 is divided by 90/(-12)*(-16)/5.
21
Suppose -4 = m - 4*m + 2*p, -m + 3*p = 1. Let n be -1*2 + -10*m. Calculate the remainder when 2 + (-3)/6*n is divided by 7.
6
Calculate the remainder when (-82)/(-369) + (0 - 610/(-9)) is divided by 18.
14
Let b = -5 - -13. What is the remainder when b is divided by 5?
3
Let w(r) = r + 9. What is the remainder when w(9) is divided by 5?
3
Suppose -4*q - 18 + 70 = 0. What is the remainder when q is divided by (8/(-3))/((-2)/6)?
5
Let v = 88 + -45. Calculate the remainder when v is divided by 9.
7
Let c = -3 + 59. Let m(n) = -3*n + 4. Calculate the remainder when c is divided by m(-5).
18
Let h = 373 + -259. Suppose c + h = 4*c. Calculate the remainder when c is divided by 20.
18
What is the remainder when 103 + 3 - (-16)/(-4) is divided by 26?
24
Let k(f) = f**2 - 5*f + 1. Let j be k(5). Suppose 2*m + 1 = -3*x, 5*x + 14 = -j. What is the remainder when 5 is divided by m?
1
Let k = 7 - 6. What is the remainder when (-6 + (k - -2))*-6 is divided by 7?
4
Let d be 6/18 + 13/(-3). Let u = 2 - d. Calculate the remainder when 10 is divided by u.
4
Let d = -6 - -42. Calculate the remainder when d is divided by 8.
4
Let f = 24 - 17. Suppose -13 = 4*z + 19. Let h = z + 19. What is the remainder when h is divided by f?
4
Let o(q) be the second derivative of q**3/3 + q**2/2 - 3*q. Let l be 6/42 - 40/(-14). What is the remainder when o(l) is divided by 3?
1
Let k = 0 - -3. Suppose 3*q = -4*w + w + 12, -q = k*w - 20. Let g = w + 3. Calculate the remainder when g is divided by 6.
5
Let w(g) = -g**3 - 6*g**2 - 6*g - 2. Let o be w(-5). Let d = o + -2. Calculate the remainder when (-264)/(-16) + d/2 is divided by 9.
8
What is the remainder when 8 is divided by 6/((-6)/(-2)) - 0?
0
Let u = -110 - -144. What is the remainder when 100 is divided by u?
32
Suppose -2*r = 3*t + 4 + 1, 0 = 2*r + 8. Suppose 0 = -q + 10 + t. What is the remainder when q is divided by 6?
5
Suppose -3*a - 42 = -2*i + 11, -5*a - 51 = -2*i. Calculate the remainder when i is divided by 8.
4
Let y(q) = -q**2 